 f(n) = 6*n - 4. Calculate f(o).
-22
Let t(c) = 5*c + 3. Let g(f) = -1. Let q(y) = -5*g(y) - t(y). Let a = 420 + -418. What is q(a)?
-8
Let w(y) = y**3 + 4*y**2 - y - 5. Let t = 19 + -1. Suppose 4*x + 22 = -t. Let s = x + 6. Determine w(s).
-1
Let a(l) = l**2 - 11*l + 15. Let h(k) = k + 9. Let x be h(0). Determine a(x).
-3
Let h(a) = -11*a**2 + 11*a**3 + 13 - 10*a**3 - 2*a + a. Let x be h(11). Let p(v) = -2*v + 0*v**2 + 3*v - 3 + v**x. Give p(-3).
3
Suppose -158 + 142 = 4*p. Let q(k) = 5*k + 16. Give q(p).
-4
Let r(h) = -h - 10. Let d(n) = -n - 10. Let a(g) = 6*d(g) - 5*r(g). Let f be a(-10). Suppose 6*q - 2*q - 24 = f. Let s(y) = -y**2 + 5*y + 6. Determine s(q).
0
Let o(m) = 35729*m + 0 - m**2 - 5 - 35724*m. Suppose -2 = 3*g - 14. Determine o(g).
-1
Let k = 10 - 5. Suppose 2*r - 4*w = -10, -k*r = -2*w + 14 + 11. Let h(x) = 4 - 2 - x + 0 - 3. Give h(r).
4
Let w(f) = f**2 - 2. Let y(z) = 3*z**2 - 7. Let p(d) = -17*w(d) + 6*y(d). Let m(x) = x**3 + 2*x**2 - 3*x. Let o be m(-3). Calculate p(o).
-8
Let v be 25/10*6/5. Let w(f) = f**2 - 4*f - 2. Let u be w(5). Let q(x) = 3*x**3 - x**2 - 4*x - 4*x**2 - x**3 + 3 - v*x**u. Calculate q(-4).
3
Let q = 41 + -36. Let i(d) = -180 + 178 - q*d + 0*d**2 + d**2. Calculate i(3).
-8
Let k(r) = -r**3 - 11*r**2 + 25*r - 8. Let f be k(-13). Let a(z) = -3*z + 6. What is a(f)?
-9
Let y = -44 - -29. Let a(j) = j + 16. Let l be a(y). Let k(t) = -7*t - 1. Give k(l).
-8
Let y = 1289 + -1263. Let n(f) = -f**3 + 27*f**2 - 26*f - 2. Determine n(y).
-2
Suppose 0*m = 3*m - 6, -m = -2*f - 8. Let a(i) be the second derivative of i**5/20 + i**4/4 + i**3/3 + i**2 - 15*i. Determine a(f).
-4
Let d(q) = q + 1. Let k(h) = h**3. Let c(w) = 5*w**3 - 4*w**2 + 5*w - 5. Let f(s) = -c(s) + 4*k(s). Suppose 18 = -13*m + 19*m. Let x be f(m). Give d(x).
0
Let x(q) = 11*q**2 - q - 1. Let m be (-9)/((-315)/14) - (-316)/10. Suppose m*h - 2 = 34*h. What is x(h)?
11
Let z(w) = 2*w + 7. Let b(r) = r + 0*r - 4 + 0*r + 5. Let x(t) = 4*b(t) - z(t). Give x(3).
3
Suppose -4 = -7*r + 6*r. Let q(t) = -t - r*t - 1 - 8*t**3 + 7*t**3 + 5*t**2. Suppose -3*u + 3*y + 6 = 0, 2*u + 14 = 3*u + 5*y. What is q(u)?
-5
Let x(t) be the second derivative of -t**4/12 - t**3 + 9*t**2/2 - 31*t + 2. Give x(-7).
2
Let l = 125 + -118. Let v(x) = 2 - 1 + l*x - 10*x + 1. What is v(7)?
-19
Let v(y) = y**3 + 7*y**2 + 11*y + 153. Let h be v(-8). Let x(m) = m**3 + m**2 - 2*m + 1. Give x(h).
1
Let p(g) = -g**3 + g**2 + g - 4. Suppose -5 = -6*w + 11*w - b, 0 = 2*b - 10. What is p(w)?
-4
Let z be (-11)/13 - -2*(-3)/39. Let f be z/(2 + 36/(-20)). Let p(b) = b + 9. Determine p(f).
4
Suppose 8 = 5*y - 2*v - 17, -v = 0. Suppose y*w - s + 19 = 0, -w + 10 = -3*w + s. Let a(h) = -h**2 - 2*h. Give a(w).
-3
Let k(g) be the third derivative of -g**5/60 - g**4/24 + g**3/2 - 10*g**2 + 7. Determine k(-4).
-9
Let d(c) = 4*c - 7. Let m(z) = 8*z + 2. Let k be m(-2). Let w(b) = -b + 2. Let p(x) = k*w(x) - 4*d(x). What is p(4)?
-8
Let q(m) = 2. Let n(b) = -2*b + 18. Let u(l) = 2*n(l) - 26*q(l). What is u(-7)?
12
Let l(m) = -3*m**2 - 8*m + 2*m + 2*m**2 + 3*m**2 - 4*m - 14. Give l(6).
-2
Suppose -3*n = -4*z - 6, -20*n + 15 = -17*n - z. Let h(y) = y**3 - 7*y**2 + 7*y - 1. Calculate h(n).
5
Let o(s) = -7*s + 1. Let g(u) = -3*u - 1. Let n(l) = 8*l + 4. Let a(d) = 14*g(d) + 4*n(d). Let z(p) = 5*a(p) - 7*o(p). Calculate z(-7).
10
Suppose 22*w + 5*w + 54 = 0. Let a(s) = -2*s**3 - 1. Determine a(w).
15
Let u(n) be the first derivative of -n**4/4 - n**3/3 + n**2/2 - n + 184. What is u(1)?
-2
Suppose 3*j = j + 8, 5*j - 50 = -5*b. Let t be ((-30)/(-12))/(3/b). Let l(n) = -1 + t - n - 1. Give l(5).
-2
Let a(z) be the first derivative of 8 - 4*z - 1/2*z**2. Give a(-7).
3
Let m(n) = -2*n - 10. Let r be (-4)/20 - (-22)/10. Suppose -12 = 2*b + r. Give m(b).
4
Let s(l) = -25*l**3 + 19*l**2 + 25. Let q(r) = -9*r**3 + 7*r**2 + 9. Let h(m) = 11*q(m) - 4*s(m). Give h(0).
-1
Let v be (1 - -1*(-8)/4)/(-1). Suppose 0 = h - 0*h. Let l(j) = 2*j - 2*j**2 - 4*j + j**2 - v + h. Give l(-1).
0
Let j(z) = z**2 + 8*z + 3. Suppose -3*m + 6*m = -63. Let s = m - -15. Determine j(s).
-9
Suppose -2*v + 24 = -3*p, -13 = p + 4*v + 9. Let z = -11 - p. Let f(b) = -5*b**2 + 2*b + 1. Calculate f(z).
-6
Let n(y) = 38*y - 13. Let d(i) = 64*i - 26. Let a(p) = -4*d(p) + 7*n(p). Give a(-6).
-47
Let i be (-6)/(-3)*5/(-10). Let n(x) = -8*x**3 + 3*x + 3. Let c(h) = -4*h**3 + h + 1. Let d(z) = 5*c(z) - 2*n(z). Give d(i).
4
Let u(k) be the third derivative of k**6/120 + k**5/60 - k**4/24 + 2*k**3/3 - 47*k**2 + k. Let o = -25 + 25. Determine u(o).
4
Let l(c) = -5*c**3 - 38*c**2 - 11*c - 11. Let t(o) = 3*o**3 + 25*o**2 + 7*o + 7. Let m(s) = 5*l(s) + 8*t(s). Give m(10).
11
Suppose -13*d - 18 = -200. Let q(f) = f**3 - 13*f**2 - 15*f + 8. Let t be q(d). Let j(x) = -x**3 - 6*x**2 + 2*x + 3. Calculate j(t).
-9
Let o(y) be the first derivative of -3*y**2 + 6*y + 4. Let u = 140 + -136. Determine o(u).
-18
Let p(b) = -46*b**3 + 2*b**2 + 3*b. Let c(j) = 9*j**3 + 1. Let n(i) = 5*c(i) + p(i). Let t = 5 + -1. Determine n(t).
-15
Let b(y) = 9*y + 7. Suppose 2 = -i, -16*i + 13*i - 1 = -5*r. Calculate b(r).
-2
Let n(r) be the first derivative of -45 - 1/2*r**2 + 7*r. Determine n(0).
7
Let s(y) be the first derivative of -y**2 - 24*y - 263. What is s(-9)?
-6
Let g = 1596 + -1608. Let v(s) = s**2 + 13*s - 5. Determine v(g).
-17
Let n = 1961/2 + -980. Let w(h) be the first derivative of 1/4*h**4 + n*h**2 - h**3 + 8 + 2*h. Calculate w(2).
0
Let k(q) = -q**3 - 7*q**2 - 6*q - 5. Let f be (36/(-24))/(24/80). Determine k(f).
-25
Let p(w) = 15*w. Let v(z) = -44*z. Let l(o) = 11*p(o) + 4*v(o). Suppose -4*x + 10 = 2*i, 8 = i + 5*x - 2*x. What is l(i)?
11
Let i(z) = 2*z**3 - 7*z**2 - z + 11. Let t(d) = d**3 + d + 1. Let g(v) = i(v) - 3*t(v). Let u(y) = y**2 + 11*y - 6. Let w be u(-11). Calculate g(w).
-4
Let l be (-2)/(-4) + 51/6. Let g = l + -10. Let k(h) = h**2 + 5. Let z(s) = s**2 + 4. Let c(b) = -3*k(b) + 4*z(b). What is c(g)?
2
Let b(m) = -m**3 + m**2 + m + 11. Let h(r) = r - 16. Let n be h(15). Let s be 0*n/(0 - 1). Suppose -4*f = -s*f. Calculate b(f).
11
Suppose -w - 3*w = -112. Let p = 62 - 85. Let k = p + w. Let j(a) = 2*a - 1. What is j(k)?
9
Let k be ((-20)/35)/(3/(-21)). Let q be k - (-9)/(9/(-8)). Let z(y) be the first derivative of -y**4/4 - 4*y**3/3 - 4*y - 2. Give z(q).
-4
Suppose 22 + 10 = 4*h. Let r(t) = -6*t + 2 + 12*t - h*t + 3*t**2 - t**3. Suppose -12 = -3*l + m - 2*m, 2*l + 5*m = 21. What is r(l)?
-4
Let r(z) = -z**3 - 8*z**2 - 2*z - 7. Suppose g + 31 = 2*i, 0 = -2*i - 2*g + 4 + 18. Let x = 6 - i. Calculate r(x).
9
Let o(w) be the third derivative of -w**6/120 - w**5/60 - w**4/24 - 5*w**3/6 + 501*w**2. What is o(0)?
-5
Let q(u) = u**2 + 7 - 6*u + 3*u + 7*u + 6*u. Determine q(-7).
-14
Let i be 603/(-67) + 0 + 6 + 0. Let k(q) = 6*q**3 + 4*q**2 + 8*q + 8. Let o(s) = -5*s**3 - 3*s**2 - 7*s - 7. Let z(t) = 6*k(t) + 7*o(t). What is z(i)?
2
Suppose 3*i + 2*i = 0. Let l(r) = -4*r**2 + 340*r - 40. Let j(m) = -m**2 + 97*m - 13. Let a(u) = -7*j(u) + 2*l(u). Give a(i).
11
Let q(m) = -m - 1. Suppose 6*d - 2*n = 7*d + 5, 2*d + 16 = 2*n. Let x(o) = o**3 + 8*o**2 + 10*o + 18. Let s be x(d). Give q(s).
2
Let j(k) = 8 - 31*k - 44*k - 3 + 79*k. Give j(-4).
-11
Let f = 116 - 115. Let t(m) = -m**3 - 2*m**2 + 1. Give t(f).
-2
Suppose -2*p = -0*p + 22. Let d = 11 + p. Let g(x) = -2 + x**2 + 0 + 3 + x + 0*x**2. Determine g(d).
1
Let a(i) = 5*i**3 - i**2 - 2*i - 1. Let p(b) = 3*b**2 - b - 3. Let u be p(-3). Let n = -39 - -11. Let m = u + n. Determine a(m).
-5
Let y(t) = 2*t + 15. Let n(r) = 4. Let g(z) = 5*n(z) + y(z). What is g(-16)?
3
Suppose -2*l = -5*x + 1 - 20, -3*x - l = 7. Let d be 2/(-2*(-2)/4). Let h(g) = -2*g**d - 1 + 6*g - g**3 - 3*g + 0*g**3. Calculate h(x).
-1
Let m be (-62)/(-22) + 8/44. Let c be 4/(-22) + (-798)/(-154). Suppose c*g = 8 - m. Let n(k) = -14*k**3 + 1. Give n(g).
-13
Let u = 1265 - 1279. Let p(o) = -3*o - 50. Determine p(u).
-8
Suppose 3*a + 129 = -d - 24, -4*d = 12. Let c = -59 - a. Let l(v) = v**2 + 9*v + 5. Give l(c).
5
Let h(p) = -p + 15. Suppose 2*j = z - 15, -z + 3*j + 12 = 2*j. Calculate h(z).
6
Let z(q) be the third derivative of 1/8*q**4 + 0*q**3 + 0 + 5*q**2 + 0*q. Determine z(-2).
-6
Let g(s) = -3*s - 5. Suppose 15*y + 23 = 11*y + w, -4*y = 3*w +